{"id":116,"date":"2018-09-03T19:04:15","date_gmt":"2018-09-03T17:04:15","guid":{"rendered":"https:\/\/metalheads-remigiusland.de\/?page_id=116"},"modified":"2022-08-26T21:45:03","modified_gmt":"2022-08-26T19:45:03","slug":"metalheads-dna-oder-wer-wir-sind","status":"publish","type":"page","link":"https:\/\/metalheads-remigiusland.de\/?page_id=116","title":{"rendered":"&#8222;Metalheads-DNA&#8220; oder &#8222;Wer wir sind&#8220;"},"content":{"rendered":"<p>Wir, die Metalheads Remigiusland, sind ein gemeinn\u00fctziger Verein von Hardrock- und Metalfans, die sich als Ziel die \u201eF\u00f6rderung der klassischen Rockmusik\u201c auf die Fahnen geschrieben haben. Einmal im Jahr veranstalten wir die HEADBANGERS NIGHT im pf\u00e4lzischen Konken, ein Festival von Fans f\u00fcr Fans. Dabei ist uns der Wohlf\u00fchlfaktor f\u00fcr Fans und Bands ungemein wichtig. Moderate Preise, aber klasse Bands und Service. Das ist unser Motto. Bereits seit dem Jahr 2005 findet die HBN statt und momentan ist kein Ende in Sicht, da wir uns auf ein treues Stammpublikum ebenso verlassen k\u00f6nnen, wie auch auf j\u00e4hrliche Neuzug\u00e4nge. Die Erl\u00f6se des Festivals spenden wir in sch\u00f6ner Regelm\u00e4\u00dfigkeit an Kinderg\u00e4rten, Schulen oder Behinderteneinrichtungen, um dort musikalische Projekte zu unterst\u00fctzen oder finanziell anzuschieben. Ein herzlicher Dank geht an dieser Stelle auch an unsere Sponsoren, die seit Jahren unsere Veranstaltung unterst\u00fctzen und uns ein St\u00fcckchen Planungssicherheit geben. Regionale Bands zu supporten ist uns ein wichtiges Anliegen. So haben wir es in den vergangenen Jahren vielen Gruppen aus dem Umland erm\u00f6glicht eine Reunion zu spielen, \u00a0ihre erste CD zu pr\u00e4sentieren oder generell ihren ersten gr\u00f6\u00dferen Auftritt zu absolvieren. Neben der HBN sind wir eigentlich \u00fcber das ganze Jahr verteilt aktiv, besuchen Konzerte, fahren zum Bang Your Head oder zum Knock Out Festival. Weiter gibt es Aktivit\u00e4ten wie ein Familienfest, mit der ganzen Metalheads-Gro\u00dffamilie oder eine j\u00e4hrliche Weinprobe.\u00a0\u00a0\u00a0 Dass \u00fcber die vielen Jahre auch Freundschaften mit Bands oder anderen Veranstaltern entstehen ist eine sch\u00f6ne Begleiterscheinung. So arbeiten wir seit der Zeit in Konken sehr harmonisch mit Andreas Gimmler, unserem Mann f\u00fcr Sound und Licht zusammen. Als enge Freunde d\u00fcrfen wir seit einigen Jahren VALIANT VIPER bezeichnen, die f\u00fcr unsere Veranstaltung ein wahrer Gl\u00fccksfall sind und den Metal ebenso im Herzen tragen wie wir. Rockige Gr\u00fc\u00dfe an\u00a0 DARK HORIZON und SKANNERS (Italien), EMERALD (Schweiz) und an PARAGON. We are brothers in METAL!!!\u00a0 Mit diesen Bands verbinden uns ebenso ganz spezielle Erinnerungen, wie mit den vielen anderen, die bereits in Nanzdietschweiler und seit 2010 in Konken gespielt haben. An dieser Stelle danken wir zum Schluss allen Fans und Besuchern, die unsere Veranstaltung unterst\u00fctzen. Ihr seid der Grund, warum es die HEADBANGERS NIGHT gab und gibt! Stay heavy Eure Metalheads Remigiusland<\/p>\n","protected":false},"excerpt":{"rendered":"<div class=\"mh-excerpt\"><p>Wir, die Metalheads Remigiusland, sind ein gemeinn\u00fctziger Verein von Hardrock- und Metalfans, die sich als Ziel die \u201eF\u00f6rderung der klassischen Rockmusik\u201c auf die Fahnen geschrieben <a class=\"mh-excerpt-more\" href=\"https:\/\/metalheads-remigiusland.de\/?page_id=116\" title=\"&#8222;Metalheads-DNA&#8220; oder &#8222;Wer wir sind&#8220;\">[&#8230;]<\/a><\/p>\n<\/div>","protected":false},"author":1,"featured_media":0,"parent":0,"menu_order":0,"comment_status":"closed","ping_status":"closed","template":"template-full.php","meta":[],"_links":{"self":[{"href":"https:\/\/metalheads-remigiusland.de\/index.php?rest_route=\/wp\/v2\/pages\/116"}],"collection":[{"href":"https:\/\/metalheads-remigiusland.de\/index.php?rest_route=\/wp\/v2\/pages"}],"about":[{"href":"https:\/\/metalheads-remigiusland.de\/index.php?rest_route=\/wp\/v2\/types\/page"}],"author":[{"embeddable":true,"href":"https:\/\/metalheads-remigiusland.de\/index.php?rest_route=\/wp\/v2\/users\/1"}],"replies":[{"embeddable":true,"href":"https:\/\/metalheads-remigiusland.de\/index.php?rest_route=%2Fwp%2Fv2%2Fcomments&post=116"}],"version-history":[{"count":2,"href":"https:\/\/metalheads-remigiusland.de\/index.php?rest_route=\/wp\/v2\/pages\/116\/revisions"}],"predecessor-version":[{"id":127,"href":"https:\/\/metalheads-remigiusland.de\/index.php?rest_route=\/wp\/v2\/pages\/116\/revisions\/127"}],"wp:attachment":[{"href":"https:\/\/metalheads-remigiusland.de\/index.php?rest_route=%2Fwp%2Fv2%2Fmedia&parent=116"}],"curies":[{"name":"wp","href":"https:\/\/api.w.org\/{rel}","templated":true}]}}