{"id":640,"date":"2025-09-15T20:08:54","date_gmt":"2025-09-15T18:08:54","guid":{"rendered":"https:\/\/metalheads-remigiusland.de\/?page_id=640"},"modified":"2026-02-15T12:39:53","modified_gmt":"2026-02-15T10:39:53","slug":"headbangers-night-xxii","status":"publish","type":"page","link":"https:\/\/metalheads-remigiusland.de\/?page_id=640","title":{"rendered":"HEADBANGERS NIGHT XXII"},"content":{"rendered":"\n<figure class=\"wp-block-image size-large\"><a href=\"https:\/\/metalheads-remigiusland.de\/wp-content\/uploads\/2026\/02\/IMG-20260207-WA0002-scaled.jpg\"><img loading=\"lazy\" width=\"738\" height=\"1024\" src=\"https:\/\/metalheads-remigiusland.de\/wp-content\/uploads\/2026\/02\/IMG-20260207-WA0002-738x1024.jpg\" alt=\"\" class=\"wp-image-685\" srcset=\"https:\/\/metalheads-remigiusland.de\/wp-content\/uploads\/2026\/02\/IMG-20260207-WA0002-738x1024.jpg 738w, https:\/\/metalheads-remigiusland.de\/wp-content\/uploads\/2026\/02\/IMG-20260207-WA0002-216x300.jpg 216w, https:\/\/metalheads-remigiusland.de\/wp-content\/uploads\/2026\/02\/IMG-20260207-WA0002-768x1066.jpg 768w, https:\/\/metalheads-remigiusland.de\/wp-content\/uploads\/2026\/02\/IMG-20260207-WA0002-1107x1536.jpg 1107w, https:\/\/metalheads-remigiusland.de\/wp-content\/uploads\/2026\/02\/IMG-20260207-WA0002-1476x2048.jpg 1476w, https:\/\/metalheads-remigiusland.de\/wp-content\/uploads\/2026\/02\/IMG-20260207-WA0002-scaled.jpg 1845w\" sizes=\"(max-width: 738px) 100vw, 738px\" \/><\/a><\/figure>\n\n\n\n<h2>Nach der HBN XX haben wir angek\u00fcndigt, dass wir nun von Jahr zu Jahr denken und planen. Der Zuspruch und die Stimmung im M\u00e4rz 2025 waren einfach wieder genial. Von daher hat es nicht lange gedauert, bis das Billing f\u00fcr 2026 feststand. Alle vier Bands haben bisher noch nie in Konken gespielt, von daher hoffen wir sehr, dass auch sie am Ende des Abends von der Location und der Stimmung begeistert sind.<\/h2>\n\n\n\n<h2>Zum ersten Mal in Konken begr\u00fc\u00dfen wir die saarl\u00e4ndische Formation MASSIVE PUNCH. Erdiger, dreckiger Rock ist ihr Element und es besteht kein Zweifel, dass die Hallentemperatur bei Songs wie \u201eTear Down The Wall\u201c direkt steigen wird. Long live \u201eHigh Speed Rock\u2019n\u2019Roll\u201c.<\/h2>\n\n\n\n<h2>Im Anschluss schlie\u00dft sich ein Kreis, der zu Corona-Beginn er\u00f6ffnet wurde. Die damalige Band unseres \u201eBrothers in Metal\u201c Timo Pfl\u00fcger SPITEFUEL sollte auf der HBN eine Show spielen, doch daraus wurde nichts mehr, da sich die Gruppe aufl\u00f6ste. Doch wie Ph\u00f6nix aus der Asche erhoben sich IRON ECHO und servierten der Metal-Welt mit \u201eForged In Fire\u201c ein Meisterwerk des traditionellen Stahls. Zahlreiche Shows innerhalb eines Jahres und ein Plattenvertrag zeigen deutlich, wohin der Weg der Band aktuell f\u00fchrt.<\/h2>\n\n\n\n<h2>Eine ganz besondere Tribute-Show steht im Zeichen von MANOWAR. Die WARRIORS OF METAL sind wohl eine der besten Adressen, wenn es darum geht, den Spirit der ersten Alben der amerikanischen Legende auf die B\u00fchne zu bringen. Es wird ohne Zweifel Klassiker-Alarm herrschen, wenn die WOM ihren epischen Edelstahl auf Konken niederkommen lassen. \u201eFrom a battle I\u2018ve come &#8211; to a battle I ride \u2013 blazing up to the sky\u201c. G\u00e4nsehaut und gekreuzte Arme sind garantiert.<\/h2>\n\n\n\n<h2>Leider musste die bisher als Headliner angek\u00fcndigte Band MENTALIST krankheitsbedingt absagen. Gute Besserung an dieser Stelle und wir w\u00fcrden uns freuen, wenn\u00b4s ein anderes Mal klappt! F\u00fcr Mentalist einspringen werden &#8222;junggebliebene&#8220; (alte) Bekannte: CHINCHILLA. Nach vielen vielen Jahren d\u00fcrfen wir diese Combo endlich mal wieder bei der Headbangers Night begr\u00fc\u00dfen!!! WIR FREU\u00b4N UNS AUF EUCH!!!<\/h2>\n\n\n\n<h2>Auch 2026 bleiben unsere Getr\u00e4nkepreise stabil. 4 Euro f\u00fcr jedes 0,5er Bier, eine gro\u00dfe Weinschorle oder auch f\u00fcr jedes Bargetr\u00e4nk. Das ist die HBN, das Festival von Fans f\u00fcr Fans!<\/h2>\n\n\n\n<h2>Das Ticket kostet im Vorverkauf 17 Euro und an der Abendkasse 20 Euro. Die Tickets bekommt ihr bei Optik Drumm in Kusel in der Bahnhofsstra\u00dfe oder online unter <a href=\"http:\/\/mplus.rocks\">http:\/\/mplus.rocks<\/a><\/h2>\n\n\n\n<h2>Weitere Infos: <a href=\"http:\/\/www.metalheads-remigiusland.de\">www.metalheads-remigiusland.de<\/a><\/h2>\n\n\n\n<h2>Support Heavy Metal, support live shows, support the bands!!!<\/h2>\n","protected":false},"excerpt":{"rendered":"<div class=\"mh-excerpt\"><p>Nach der HBN XX haben wir angek\u00fcndigt, dass wir nun von Jahr zu Jahr denken und planen. Der Zuspruch und die Stimmung im M\u00e4rz 2025 <a class=\"mh-excerpt-more\" href=\"https:\/\/metalheads-remigiusland.de\/?page_id=640\" title=\"HEADBANGERS NIGHT XXII\">[&#8230;]<\/a><\/p>\n<\/div>","protected":false},"author":1,"featured_media":0,"parent":0,"menu_order":0,"comment_status":"closed","ping_status":"closed","template":"","meta":[],"_links":{"self":[{"href":"https:\/\/metalheads-remigiusland.de\/index.php?rest_route=\/wp\/v2\/pages\/640"}],"collection":[{"href":"https:\/\/metalheads-remigiusland.de\/index.php?rest_route=\/wp\/v2\/pages"}],"about":[{"href":"https:\/\/metalheads-remigiusland.de\/index.php?rest_route=\/wp\/v2\/types\/page"}],"author":[{"embeddable":true,"href":"https:\/\/metalheads-remigiusland.de\/index.php?rest_route=\/wp\/v2\/users\/1"}],"replies":[{"embeddable":true,"href":"https:\/\/metalheads-remigiusland.de\/index.php?rest_route=%2Fwp%2Fv2%2Fcomments&post=640"}],"version-history":[{"count":6,"href":"https:\/\/metalheads-remigiusland.de\/index.php?rest_route=\/wp\/v2\/pages\/640\/revisions"}],"predecessor-version":[{"id":689,"href":"https:\/\/metalheads-remigiusland.de\/index.php?rest_route=\/wp\/v2\/pages\/640\/revisions\/689"}],"wp:attachment":[{"href":"https:\/\/metalheads-remigiusland.de\/index.php?rest_route=%2Fwp%2Fv2%2Fmedia&parent=640"}],"curies":[{"name":"wp","href":"https:\/\/api.w.org\/{rel}","templated":true}]}}